{"id":96,"date":"2023-03-07T20:20:11","date_gmt":"2023-03-07T19:20:11","guid":{"rendered":"https:\/\/ambsanmarino.esteri.it\/?page_id=96"},"modified":"2025-03-25T10:07:34","modified_gmt":"2025-03-25T09:07:34","slug":"lambasciatore","status":"publish","type":"page","link":"https:\/\/ambsanmarino.esteri.it\/it\/chi-siamo\/lambasciatore\/","title":{"rendered":"L\u2019Ambasciatore"},"content":{"rendered":"<p><img loading=\"lazy\" decoding=\"async\" class=\"alignnone size-medium wp-image-1091 img-fluid aligncenter\" src=\"https:\/\/ambsanmarino.esteri.it\/wp-content\/uploads\/2024\/04\/Fabrizio-Colaceci-300x287.png\" alt=\"\" width=\"300\" height=\"287\" srcset=\"https:\/\/ambsanmarino.esteri.it\/wp-content\/uploads\/2024\/04\/Fabrizio-Colaceci-300x287.png 300w, https:\/\/ambsanmarino.esteri.it\/wp-content\/uploads\/2024\/04\/Fabrizio-Colaceci.png 393w\" sizes=\"auto, (max-width: 300px) 100vw, 300px\" \/><\/p>\n<p style=\"text-align: justify;\">&#8220;Italia e San Marino condividono fraterni e secolari legami, basati su profondi valori comuni e ricchi di un intreccio unico di fattori: dalla geografia alla storia, dalla lingua e cultura all&#8217;arte, dalla cucina al folklore ed alle tradizioni popolari.<\/p>\n<p style=\"text-align: justify;\">Il tutto con la presenza di una vasta e dinamica comunit\u00e0 di italiani in Repubblica, tuttora in crescita, e di una altrettanto forte e identitaria collettivit\u00e0 di sammarinesi nei confini del nostro Paese.<\/p>\n<p style=\"text-align: justify;\">Giungo in missione a San Marino in un momento particolarmente positivo dei rapporti bilaterali, sugellato dalla visita di Stato del Signor presidente della Repubblica, nel dicembre scorso, e rischiarato dalla prospettiva dell&#8217;associazione di San Marino alla UE, che ci porr\u00e0 dinanzi alla sfida di portare a questo, gi\u00e0 eccellente, rapporto verso una nuova qualit\u00e0.<\/p>\n<p style=\"text-align: justify;\">L&#8217;invito \u00e8 a dedicarci con energia ed ottimismo a questo storico traguardo che vedr\u00e0, ancor pi\u00f9 forte e saldo, il comune ancoraggio europeo ed ancor pi\u00f9 solida la costruzione di quella reciproca fiducia che \u00e8 alla base di ogni prosperit\u00e0 e successo nei rapporti fra Nazioni libere ed indipendenti&#8221;.<\/p>\n<p>&nbsp;<\/p>\n<p>San Marino, 2 aprile 2024\u00a0 \u00a0 \u00a0 \u00a0 \u00a0 \u00a0 \u00a0 \u00a0 \u00a0 \u00a0 \u00a0 \u00a0 \u00a0 \u00a0 \u00a0 \u00a0 \u00a0 \u00a0 \u00a0 \u00a0 \u00a0 \u00a0 \u00a0 \u00a0 \u00a0 \u00a0 \u00a0 \u00a0 \u00a0 \u00a0 \u00a0 \u00a0Fabrizio Colaceci \u2013 Ambasciatore d\u2019Italia<\/p>\n<p>&nbsp;<\/p>\n<p>&nbsp;<\/p>\n<p style=\"text-align: justify;\"><strong>Fabrizio COLACECI<\/strong>, nato a Colleferro (Roma) e laureato a Roma nel 1985 entra in Carriera diplomatica nel febbraio 1990. Dopo aver prestato servizio all\u2019Ufficio Europa dell\u2019allora Dir. Gen. Emigrazione e Affari Sociali, nel giugno 1992 viene assegnato al Consolato a Chambery come reggente e poi Console. Dal 1997 al 2000 presta servizio presso l\u2019Ambasciata d\u2019Italia in Tel Aviv, quale responsabile dell\u2019Ufficio commerciale. Al rientro al Ministero \u00e8 destinato all\u2019Ufficio ONU della Direzione generale degli Affari Politici Multilaterali e Diritti Umani, dove rimane sino al giugno 2002. Promosso Consigliere di Legazione, viene incaricato di dirigere il Consolato Generale d\u2019Italia in Caracas. Nel 2005 presta servizio presso la Rappresentanza Permanente d\u2019Italia al Consiglio Atlantico a Bruxelles e al rientro a Roma dirige, dal 2010, l\u2019Ufficio NATO della Direzione Generale degli Affari Politici del Ministero degli Affari Esteri. Come Primo Consigliere \u00e8 destinato, dal novembre 2013, presso la Rappresentanza Permanente d\u2019Italia presso l\u2018Unione Europea, in concomitanza con la Presidenza di turno italiana del Consiglio UE, coordinando, in particolare, i settori Istruzione, Cultura, Ricerca, Impiego ed Affari Sociali ed occupandosi del ricco programma di eventi culturali della Presidenza a Bruxelles. Primo consigliere politico a Londra dal settembre 2017, \u00e8 incaricato di seguire anche il dossier dei diritti dei cittadini europei nel post-Brexit e il coordinamento consolare degli Uffici italiani nel Regno Unito. Al Ministero, dal 1\u00b0 settembre 2021, \u00e8 alle dirette dipendenze del Capo del Servizio per gli Affari Giuridici, del Contenzioso diplomatico e dei Trattati, 13 dicembre 2021. Nominato Ambasciatore d\u2019Italia a San Marino nel dicembre 2023.<\/p>\n","protected":false},"excerpt":{"rendered":"&#8220;Italia e San Marino condividono fraterni e secolari legami, basati su profondi valori comuni e ricchi di un intreccio unico di fattori: dalla geografia alla storia, dalla lingua e cultura all&#8217;arte, dalla cucina al folklore ed alle tradizioni popolari. Il tutto con la presenza di una vasta e dinamica comunit\u00e0 di italiani in Repubblica, tuttora [&hellip;]","protected":false},"author":2,"featured_media":0,"parent":9,"menu_order":0,"comment_status":"closed","ping_status":"closed","template":"","meta":{"footnotes":""},"class_list":["post-96","page","type-page","status-publish","hentry"],"_links":{"self":[{"href":"https:\/\/ambsanmarino.esteri.it\/it\/wp-json\/wp\/v2\/pages\/96","targetHints":{"allow":["GET"]}}],"collection":[{"href":"https:\/\/ambsanmarino.esteri.it\/it\/wp-json\/wp\/v2\/pages"}],"about":[{"href":"https:\/\/ambsanmarino.esteri.it\/it\/wp-json\/wp\/v2\/types\/page"}],"author":[{"embeddable":true,"href":"https:\/\/ambsanmarino.esteri.it\/it\/wp-json\/wp\/v2\/users\/2"}],"replies":[{"embeddable":true,"href":"https:\/\/ambsanmarino.esteri.it\/it\/wp-json\/wp\/v2\/comments?post=96"}],"version-history":[{"count":6,"href":"https:\/\/ambsanmarino.esteri.it\/it\/wp-json\/wp\/v2\/pages\/96\/revisions"}],"predecessor-version":[{"id":2205,"href":"https:\/\/ambsanmarino.esteri.it\/it\/wp-json\/wp\/v2\/pages\/96\/revisions\/2205"}],"up":[{"embeddable":true,"href":"https:\/\/ambsanmarino.esteri.it\/it\/wp-json\/wp\/v2\/pages\/9"}],"wp:attachment":[{"href":"https:\/\/ambsanmarino.esteri.it\/it\/wp-json\/wp\/v2\/media?parent=96"}],"curies":[{"name":"wp","href":"https:\/\/api.w.org\/{rel}","templated":true}]}}

<p><img loading="lazy" decoding="async" class="alignnone size-medium wp-image-1091 img-fluid aligncenter" src="https://ambsanmarino.esteri.it/wp-content/uploads/2024/04/Fabrizio-Colaceci-300x287.png" alt="" width="300" height="287" srcset="https://ambsanmarino.esteri.it/wp-content/uploads/2024/04/Fabrizio-Colaceci-300x287.png 300w, https://ambsanmarino.esteri.it/wp-content/uploads/2024/04/Fabrizio-Colaceci.png 393w" sizes="auto, (max-width: 300px) 100vw, 300px" /></p>
<p style="text-align: justify;">&#8220;Italia e San Marino condividono fraterni e secolari legami, basati su profondi valori comuni e ricchi di un intreccio unico di fattori: dalla geografia alla storia, dalla lingua e cultura all&#8217;arte, dalla cucina al folklore ed alle tradizioni popolari.</p>
<p style="text-align: justify;">Il tutto con la presenza di una vasta e dinamica comunità di italiani in Repubblica, tuttora in crescita, e di una altrettanto forte e identitaria collettività di sammarinesi nei confini del nostro Paese.</p>
<p style="text-align: justify;">Giungo in missione a San Marino in un momento particolarmente positivo dei rapporti bilaterali, sugellato dalla visita di Stato del Signor presidente della Repubblica, nel dicembre scorso, e rischiarato dalla prospettiva dell&#8217;associazione di San Marino alla UE, che ci porrà dinanzi alla sfida di portare a questo, già eccellente, rapporto verso una nuova qualità.</p>
<p style="text-align: justify;">L&#8217;invito è a dedicarci con energia ed ottimismo a questo storico traguardo che vedrà, ancor più forte e saldo, il comune ancoraggio europeo ed ancor più solida la costruzione di quella reciproca fiducia che è alla base di ogni prosperità e successo nei rapporti fra Nazioni libere ed indipendenti&#8221;.</p>
<p>&nbsp;</p>
<p>San Marino, 2 aprile 2024                                                               Fabrizio Colaceci – Ambasciatore d’Italia</p>
<p>&nbsp;</p>
<p>&nbsp;</p>
<p style="text-align: justify;"><strong>Fabrizio COLACECI</strong>, nato a Colleferro (Roma) e laureato a Roma nel 1985 entra in Carriera diplomatica nel febbraio 1990. Dopo aver prestato servizio all’Ufficio Europa dell’allora Dir. Gen. Emigrazione e Affari Sociali, nel giugno 1992 viene assegnato al Consolato a Chambery come reggente e poi Console. Dal 1997 al 2000 presta servizio presso l’Ambasciata d’Italia in Tel Aviv, quale responsabile dell’Ufficio commerciale. Al rientro al Ministero è destinato all’Ufficio ONU della Direzione generale degli Affari Politici Multilaterali e Diritti Umani, dove rimane sino al giugno 2002. Promosso Consigliere di Legazione, viene incaricato di dirigere il Consolato Generale d’Italia in Caracas. Nel 2005 presta servizio presso la Rappresentanza Permanente d’Italia al Consiglio Atlantico a Bruxelles e al rientro a Roma dirige, dal 2010, l’Ufficio NATO della Direzione Generale degli Affari Politici del Ministero degli Affari Esteri. Come Primo Consigliere è destinato, dal novembre 2013, presso la Rappresentanza Permanente d’Italia presso l‘Unione Europea, in concomitanza con la Presidenza di turno italiana del Consiglio UE, coordinando, in particolare, i settori Istruzione, Cultura, Ricerca, Impiego ed Affari Sociali ed occupandosi del ricco programma di eventi culturali della Presidenza a Bruxelles. Primo consigliere politico a Londra dal settembre 2017, è incaricato di seguire anche il dossier dei diritti dei cittadini europei nel post-Brexit e il coordinamento consolare degli Uffici italiani nel Regno Unito. Al Ministero, dal 1° settembre 2021, è alle dirette dipendenze del Capo del Servizio per gli Affari Giuridici, del Contenzioso diplomatico e dei Trattati, 13 dicembre 2021. Nominato Ambasciatore d’Italia a San Marino nel dicembre 2023.</p>

&#8220;Italia e San Marino condividono fraterni e secolari legami, basati su profondi valori comuni e ricchi di un intreccio unico di fattori: dalla geografia alla storia, dalla lingua e cultura all&#8217;arte, dalla cucina al folklore ed alle tradizioni popolari. Il tutto con la presenza di una vasta e dinamica comunità di italiani in Repubblica, tuttora [&hellip;]
